e remainder when m is divided by 2.
0
Let t be 54/21 + (2 - 18/7). Suppose 0*r = -t*r + 5*y + 382, 0 = 2*r + y - 370. Calculate the remainder when r is divided by 48.
42
Let c = 1925 + -1530. What is the remainder when c is divided by 55?
10
Suppose -8*v + 570 = 3282. What is the remainder when (v/(-4))/(-8 + (-350)/(-40)) is divided by 24?
17
Let l = 33 + -30. Suppose -c - 3*z + 82 = 23, -c + 35 = -l*z. Suppose 5*x - 5*m = 390, x + 3*m - 145 + c = 0. What is the remainder when x is divided by 17?
15
Let w = -987 - -945. What is the remainder when (2/(-5))/((-2)/90) is divided by ((-198)/w + -5)/(4/(-56))?
2
Suppose 4210*r - 78 = 4206*r + 2*i, -2*r - 2*i + 6 = 0. What is the remainder when (-704)/(-3) + 4/(-6) is divided by r?
10
Suppose j - 32 = 4*t + 84, -t - 509 = -4*j. What is the remainder when 205 is divided by (-16)/j - 370/(-16)?
21
Let g be (-24117)/(-9) + (40/15)/8. Suppose 571 = -19*v + g. What is the remainder when v is divided by 28?
27
Let m = 378 - 148. Let b(f) = f**3 - 5*f**2 - 21*f + 9. What is the remainder when m is divided by b(8)?
32
Suppose x - 28 = -1596*q + 1592*q, 3*x - 3*q = 69. What is the remainder when 1523 is divided by x?
11
Suppose u - 10 + 1 = -h, 4*u = -5*h + 46. Let p(m) = 10*m - 31*m + h*m + 6 + 14*m + 2*m**2. What is the remainder when 30 is divided by p(-2)?
6
Suppose -1585 = 2*j - 23. Let w = -725 - j. Suppose -70 = -5*r - 4*u - 26, 2*u - 16 = -2*r. Calculate the remainder when w is divided by r.
8
Let d(s) = -3*s**2 - 24*s - 21. Calculate the remainder when 86 is divided by d(-2).
11
Let u be 1 - (-18 + (1 - 1)). Let p be (25 - 42/3) + -22. Let l = p + u. What is the remainder when 13 is divided by l?
5
Calculate the remainder when -148*(-15)/(-20)*(5 + -6) is divided by 28.
27
Let c = 20769 + -20597. Calculate the remainder when 683 is divided by c.
167
Let f(x) = -x**3 - 8*x**2 + 7*x. Let o be f(-10). Suppose 0*q = -5*q + o. Let u(w) = 50*w + 3510. Calculate the remainder when q is divided by u(-70).
6
Suppose -p = -4*y - 36, 11*p - 4*y + 60 = 12*p. What is the remainder when 479 is divided by p?
47
Suppose 6*x - 37 = -1. Suppose 3*q + t - 3*t - 963 = 0, 4*t = 12. Suppose x*g + 89 = q. Calculate the remainder when 77 is divided by g.
38
Suppose -37*j - 468 = -2316 - 4886. Calculate the remainder when j is divided by 6.
2
Let x = -8220 + 14279. Calculate the remainder when x is divided by 319.
317
Suppose -5 = 2*j - 3*j. Suppose -8*s - 1888 = -312. Let b = -175 - s. Calculate the remainder when b is divided by j.
2
Suppose -419*h + 2648 = -413*h + 908. Calculate the remainder when h is divided by 165.
125
Suppose 3*n = -i + 144 - 37, -i - 5*n + 109 = 0. Suppose -14*r = 20 - i. Calculate the remainder when 22 is divided by r.
4
Let z be (16/(-6))/(-2)*(-51)/(-34). Calculate the remainder when (0 + z/2)/1 - -86 is divided by 8.
7
Suppose -116 = -4*z - 4*p, 0 = z - 4*p - 11 - 8. Calculate the remainder when 4/38 + 1746/19 + -1 is divided by z.
10
Let g(s) = 13*s**3 - 2*s**2 - 4. Suppose i = -4*i - 5*t + 15, i + 5*t = -5. What is the remainder when g(2) is divided by i?
2
Let w = 67 - 62. Suppose 48 = 3*n + p - 2, -w*n + 4*p = -106. Calculate the remainder when 88 is divided by n.
16
Let l(v) = 5*v**3 - 2*v**2 - 2*v + 4. Let x(h) = h**3 - h**2. Let y = 42 + -41. Let f(t) = y*l(t) - 4*x(t). Calculate the remainder when 15 is divided by f(0).
3
Let d = -6677 - -6987. Calculate the remainder when d is divided by 45.
40
Let a = -554 - -545. Let v(f) = f**3 + 2*f**2 - 68*f + 4. Calculate the remainder when 58 is divided by v(a).
9
Let c(n) = -1318*n**3 + n**2 + 46*n + 46. Calculate the remainder when c(-1) is divided by 60.
59
Suppose -4843*b - 450 = -4853*b. Calculate the remainder when 165 is divided by b.
30
Let q(w) = 282*w - 334. What is the remainder when q(2) is divided by 59?
53
Suppose -5*g = -2*o - 22, -3 = 2*o - 1. Let d be -11 - 3/((-3)/g). Let l = d + 45. Calculate the remainder when l is divided by 10.
8
Let c = 571 - 181. Let k = c - 8. Calculate the remainder when k is divided by 55.
52
Let s = -1488 - -1495. What is the remainder when 579 is divided by s?
5
Let r(n) = 34*n**2 - 33*n**2 - 12*n**3 - 16*n**3 + 2 + 2*n. Calculate the remainder when 142 is divided by r(-1).
26
Let i = -18935 + 18985. What is the remainder when 5399 is divided by i?
49
Suppose 35 = -3*d + 62. Suppose -4*k + 29 = j, -39 = d*k - 14*k - 4*j. Calculate the remainder when 19 is divided by k.
5
Suppose 2*f - 7*f + 6725 = 0. Suppose 0 = 3*u + 181 - f. What is the remainder when u is divided by 56?
52
Calculate the remainder when (-80898)/(-45) - 176/(-660) is divided by 18.
16
Suppose -41*w + 6301 = -16577. Calculate the remainder when w is divided by 94.
88
Let m be 3 + (-171)/(-33) - 10/55. Suppose 2*b = m*b - 1722. What is the remainder when b is divided by 32?
31
Suppose 332*r = 327*r + 510. Calculate the remainder when r is divided by 32.
6
Suppose 0 = -k + 2*k. Let z = -20 + 24. Suppose u - 5*u + t + 95 = k, 0 = -z*u + 4*t + 92. What is the remainder when u is divided by 5?
4
Calculate the remainder when 771 is divided by 19 + (5 - 16) + -5.
0
Suppose -j = 3*c - 76, -2*c - 5*j = -3*c + 36. Suppose -69 = c*q - 23*q. Let p = q + 82. What is the remainder when 174 is divided by p?
56
Let l = 408 - 617. Suppose 270 + 470 = -5*g. Let u = g - l. Calculate the remainder when u is divided by 16.
13
Let g(r) = 210*r + 465. What is the remainder when g(16) is divided by 116?
113
Let u = -76 - -76. Suppose -5*f + u*f = -4*f. Suppose 15*q - 13*q - 38 = f. What is the remainder when 32 is divided by q?
13
Suppose -3*g + 788 - 194 = 0. Let f = 119 - 69. Calculate the remainder when g is divided by f.
48
Let g(v) = 6*v**2 - 1 - 15*v**2 + 11*v**2 - 47*v**3. Calculate the remainder when g(-1) is divided by 7 + 2 + -2 + 3.
8
Suppose -l - 3*d + 2 = -17, l + 5*d = 27. Suppose l*v - 9*v + 136 = 0. Let r = 65 + v. Calculate the remainder when r is divided by 34.
31
Let p(v) = 6*v**3 - 12*v**2 + 3*v - 2. Let f be p(2). Suppose -5*l + 8*l = 5*u + 28, -f*l + 4*u + 48 = 0. Calculate the remainder when 28 is divided by l.
12
Suppose 410 = -3*w - h + 1348, 0 = 4*w + h - 1251. What is the remainder when w is divided by 57?
28
Let j(q) = 2*q**3 - 4*q**2 + 5*q - 5. Let x be 54/8*(-20)/(-15). Let d(l) = l**3 - 10*l**2 + 12*l - 21. Calculate the remainder when d(x) is divided by j(2).
1
Let l(k) = -45*k**2 + 3*k + 1018. Calculate the remainder when l(0) is divided by 115.
98
Let h(v) be the first derivative of v**4/4 - 8*v**3 + 29*v**2/2 - 103*v - 104. Calculate the remainder when 92 is divided by h(23).
22
Calculate the remainder when 1*(1106/28)/((-1)/(-2)) is divided by (33 - 8) + 4 + -5.
7
Let g = 8 - 4. Let t be (-2)/g - 6/(-12). Suppose t*h - h = -107. Calculate the remainder when h is divided by 12.
11
Let m(k) = -2*k + 37. Let v be m(7). Suppose -266 - 3874 = -v*o. What is the remainder when o is divided by 26?
24
Let l(y) = 146*y + 225. Calculate the remainder when 1340 is divided by l(-1).
76
Calculate the remainder when 510 is divided by -108*(4/16*4)/(7 - 8).
78
Let i = 586 + 172. Calculate the remainder when i is divided by 19.
17
Let p = -123 - 315. Let j = p - -445. What is the remainder when 159 is divided by j?
5
Let r(m) = -31*m - 40. Let b be r(-1). Let l(z) = 2*z**2 + 12*z + 12. Calculate the remainder when l(b) is divided by 63.
3
Let i = 2717 - 1792. Suppose 0 = 2*q - 3*j - i, 2*j = q + 3*j - 470. Calculate the remainder when q is divided by 59.
54
Suppose 0 = -5*a + 20, 29*g - 27*g - 5*a = 42. Calculate the remainder when 3466 is divided by g.
25
Let p = -462 + 244. Let d = 263 + p. Calculate the remainder when d is divided by 7.
3
Let o(j) = -j**3 - 10*j**2 - 17*j + 3. Suppose 9*y + 4*a + 32 = 5*y, 16 = -2*y + 4*a. Calculate the remainder when 173 is divided by o(y).
8
Let f(d) = -d**2 + 20*d - 13. Let y(v) = -93*v + 9681. What is the remainder when f(17) is divided by y(104)?
2
Let g(h) = h**2 + 15*h + 5. Calculate the remainder when ((-1215)/(-10) + 6)*(-12)/(-30)*2 is divided by g(-15).
2
Let j be 9*(32/66 - (-4)/22). Suppose j*g - 11*g + 45 = 0. What is the remainder when ((-968)/33)/((-2)/3) is divided by g?
8
Suppose 9*m + 3*m = -1108 + 5236. Calculate the remainder when m is divided by 325.
19
Let m(y) be the third